 5329?
9
What is the tens digit of 109?
0
What is the tens digit of 1598?
9
What is the thousands digit of 35352?
5
What is the hundreds digit of 3643?
6
What is the units digit of 1278?
8
What is the hundreds digit of 837?
8
What is the hundreds digit of 3195?
1
What is the thousands digit of 2394?
2
What is the hundreds digit of 1113?
1
What is the thousands digit of 10665?
0
What is the hundreds digit of 3835?
8
What is the thousands digit of 17198?
7
What is the hundreds digit of 35009?
0
What is the hundreds digit of 1809?
8
What is the tens digit of 8832?
3
What is the hundreds digit of 236?
2
What is the hundreds digit of 929?
9
What is the thousands digit of 56108?
6
What is the tens digit of 10160?
6
What is the hundreds digit of 7651?
6
What is the tens digit of 846?
4
What is the thousands digit of 6811?
6
What is the units digit of 1154?
4
What is the units digit of 618?
8
What is the hundreds digit of 118395?
3
What is the tens digit of 188432?
3
What is the thousands digit of 11689?
1
What is the tens digit of 1223?
2
What is the units digit of 7924?
4
What is the thousands digit of 19044?
9
What is the ten thousands digit of 28151?
2
What is the tens digit of 13406?
0
What is the thousands digit of 34049?
4
What is the hundreds digit of 37501?
5
What is the thousands digit of 74813?
4
What is the tens digit of 7537?
3
What is the tens digit of 1534?
3
What is the units digit of 150?
0
What is the thousands digit of 17328?
7
What is the hundreds digit of 1687?
6
What is the thousands digit of 13541?
3
What is the tens digit of 9767?
6
What is the units digit of 726?
6
What is the thousands digit of 89331?
9
What is the thousands digit of 140980?
0
What is the units digit of 46506?
6
What is the ten thousands digit of 11466?
1
What is the units digit of 1218?
8
What is the units digit of 253?
3
What is the units digit of 25779?
9
What is the hundreds digit of 1146?
1
What is the units digit of 7921?
1
What is the hundreds digit of 16798?
7
What is the hundreds digit of 48735?
7
What is the units digit of 12572?
2
What is the hundreds digit of 5287?
2
What is the thousands digit of 1242?
1
What is the hundreds digit of 10775?
7
What is the ten thousands digit of 21396?
2
What is the hundreds digit of 442?
4
What is the units digit of 1102?
2
What is the ten thousands digit of 64334?
6
What is the tens digit of 14971?
7
What is the tens digit of 6083?
8
What is the units digit of 154955?
5
What is the thousands digit of 57166?
7
What is the hundreds digit of 3450?
4
What is the thousands digit of 6574?
6
What is the tens digit of 245?
4
What is the hundreds digit of 3029?
0
What is the units digit of 87099?
9
What is the hundreds digit of 8428?
4
What is the thousands digit of 4917?
4
What is the hundreds digit of 29071?
0
What is the hundreds digit of 868?
8
What is the hundreds digit of 2672?
6
What is the units digit of 4924?
4
What is the tens digit of 1154?
5
What is the tens digit of 8727?
2
What is the units digit of 1172?
2
What is the tens digit of 936?
3
What is the hundreds digit of 86493?
4
What is the hundreds digit of 53201?
2
What is the thousands digit of 8666?
8
What is the tens digit of 84360?
6
What is the thousands digit of 5219?
5
What is the tens digit of 24?
2
What is the hundreds digit of 897?
8
What is the units digit of 5038?
8
What is the thousands digit of 2234?
2
What is the units digit of 1890?
0
What is the tens digit of 1332?
3
What is the hundreds digit of 2446?
4
What is the hundred thousands digit of 202996?
2
What is the thousands digit of 5895?
5
What is the tens digit of 26747?
4
What is the tens digit of 475?
7
What is the tens digit of 76605?
0
What is the thousands digit of 25838?
5
What is the units digit of 293?
3
What is the thousands digit of 6605?
6
What is the hundreds digit of 4476?
4
What is the thousands digit of 99638?
9
What is the hundreds digit of 236?
2
What is the units digit of 6673?
3
What is the hundreds digit of 231?
2
What is the ten thousands digit of 15974?
1
What is the tens digit of 56625?
2
What is the hundreds digit of 24502?
5
What is the tens digit of 116528?
2
What is the ten thousands digit of 18125?
1
What is the tens digit of 106861?
6
What is the thousands digit of 11976?
1
What is the tens digit of 2252?
5
What is the ten thousands digit of 11326?
1
What is the hundreds digit of 2133?
1
What is the hundreds digit of 26440?
4
What is the ten thousands digit of 78179?
7
What is the ten thousands digit of 13004?
1
What is the tens digit of 2080?
8
What is the units digit of 201?
1
What is the hundreds digit of 20737?
7
What is the tens digit of 1827?
2
What is the tens digit of 109?
0
What is the tens digit of 4889?
8
What is the units digit of 69394?
4
What is the hundreds digit of 100299?
2
What is the units digit of 85865?
5
What is the hundreds digit of 19617?
6
What is the thousands digit of 1315?
1
What is the tens digit of 881?
8
What is the units digit of 2039?
9
What is the hundreds digit of 110?
1
What is the tens digit of 627?
2
What is the units digit of 66016?
6
What is the hundreds digit of 4730?
7
What is the tens digit of 170?
7
What is the units digit of 6816?
6
What is the hundreds digit of 2042?
0
What is the thousands digit of 1151?
1
What is the units digit of 3994?
4
What is the tens digit of 88?
8
What is the thousands digit of 1362?
1
What is the ten thousands digit of 35580?
3
What is the thousands digit of 1998?
1
What is the hundreds digit of 3709?
7
What is the tens digit of 1288?
8
What is the units digit of 493?
3
What is the tens digit of 4111?
1
What is the tens digit of 2322?
2
What is the tens digit of 143168?
6
What is the units digit of 1210?
0
What is the units digit of 1550?
0
What is the thousands digit of 22161?
2
What is the tens digit of 59915?
1
What is the units digit of 5190?
0
What is the units digit of 90870?
0
What is the tens digit of 433?
3
What is the units digit of 6951?
1
What is the hundreds digit of 293?
2
What is the hundreds digit of 6184?
1
What is the units digit of 6071?
1
What is the hundreds digit of 50346?
3
What is the thousands digit of 58373?
8
What is the hundreds digit of 55416?
4
What is the units digit of 112042?
2
What is the thousands digit of 31336?
1
What is the tens digit of 4845?
4
What is the hundreds digit of 3755?
7
What is the tens digit of 37389?
8
What is the hundreds digit of 15509?
5
What is the hundreds digit of 2173?
1
What is the hundreds digit of 531?
5
What is the tens digit of 61?
6
What is the hundreds digit of 731?
7
What is the thousands digit of 2067?
2
What is the tens digit of 2246?
4
What is the units digit of 1299?
9
What is the units digit of 1934?
4
What is the hundreds digit of 441?
4
What is the tens digit of 1738?
3
What is the ten thousands digit of 94202?
9
What is the tens digit of 450?
5
What is the hundreds digit of 748?
7
What is the thousands digit of 8278?
8
What is the hundreds digit of 12760?
7
What is the units digit of 141?
1
What is the units digit of 29039?
9
What is the ten thousands digit of 46022?
4
What is the tens digit of 6698?
9
What is the hundreds digit of 46081?
0
What is the tens digit of 721?
2
What is the tens digit of 95860?
6
What is the hundreds digit of 18821?
8
What is the tens digit of 96?
9
What is the hundreds digit of 833?
8
What is the ten thousands digit of 84784?
8
What is the thousands digit of 22551?
2
What is the hundreds digit of 1346?
3
What is the ten thousands digit of 58127?
5
What is the hundreds digit of 24974?
9
What is the hundred thousands digit of 101672?
1
What is the hundreds digit of 10045?
0
What is the tens digit of 274?
7
What is the hundreds digit of 1934?
9
What is the hundreds digit of 4867?
8
What is the units digit of 250?
0
What is the tens digit of 1263?
6
What is the units digit of 220?
0
What is the hundreds digit of 78534?
5
What is the thousands digit of 1571?
1
What is the thousands digit of 36402?
6
What is the hundreds digit of 5230?
2
What is the hundreds digit of 24394?
3
What is the tens digit of 12101?
0
What is the tens digit of 5325?
2
What is the tens digit of 30073?
7
What is the units digit of 1693?
3
What is the units digit of 1503?
3
What is the hundreds digit of 1144?
1
Wh